{"id":29,"date":"2016-01-20T12:04:45","date_gmt":"2016-01-20T11:04:45","guid":{"rendered":"http:\/\/www.poirier-recycleur-automobile.com\/pieces-detachees\/?page_id=29"},"modified":"2024-03-14T17:49:34","modified_gmt":"2024-03-14T16:49:34","slug":"plan-dacces","status":"publish","type":"page","link":"https:\/\/www.poirier-recycleur-automobile.com\/pieces-detachees\/plan-dacces\/","title":{"rendered":"Plan d&rsquo;acc\u00e8s"},"content":{"rendered":"<div id=\"pl-29\"  class=\"panel-layout\" ><div id=\"pg-29-0\"  class=\"panel-grid panel-has-style\" ><div class=\"blockAcces siteorigin-panels-stretch panel-row-style panel-row-style-for-29-0\" data-stretch-type=\"full\" ><div id=\"pgc-29-0-0\"  class=\"panel-grid-cell\" ><div id=\"panel-29-0-0-0\" class=\"so-panel widget widget_sow-editor panel-first-child panel-last-child\" data-index=\"0\" ><div\n\t\t\t\n\t\t\tclass=\"so-widget-sow-editor so-widget-sow-editor-base\"\n\t\t\t\n\t\t>\n<div class=\"siteorigin-widget-tinymce textwidget\">\n\t<p><iframe loading=\"lazy\" src=\"https:\/\/www.google.com\/maps\/d\/embed?mid=13HQME6QAvvARo_MHRS-9ZYlPR0A&amp;hl=fr\" width=\"640\" height=\"480\"><\/iframe><\/p>\n<\/div>\n<\/div><\/div><\/div><div id=\"pgc-29-0-1\"  class=\"panel-grid-cell\" ><div id=\"panel-29-0-1-0\" class=\"so-panel widget widget_sow-editor panel-first-child panel-last-child\" data-index=\"1\" ><div class=\"accesComplementAdresse panel-widget-style panel-widget-style-for-29-0-1-0\" ><div\n\t\t\t\n\t\t\tclass=\"so-widget-sow-editor so-widget-sow-editor-base\"\n\t\t\t\n\t\t>\n<div class=\"siteorigin-widget-tinymce textwidget\">\n\t<h3 style=\"text-align: right;\">S.A.S. POIRIER<\/h3>\n<p style=\"text-align: right;\">Z.I. des Perrouins<br \/>250, rue de Londres<br \/>53100 Mayenne<br \/><strong>T\u00e9l. : 02 43 04 51 15<\/strong><br \/>Fax : 02 43 04 16 47<\/p>\n<\/div>\n<\/div><\/div><\/div><\/div><\/div><\/div><\/div>","protected":false},"excerpt":{"rendered":"<p>S.A.S. POIRIERZ.I. des Perrouins250, rue de Londres53100 MayenneT\u00e9l. : 02 43 04 51 15Fax : 02 43 04 16 47<\/p>\n","protected":false},"author":1,"featured_media":0,"parent":0,"menu_order":0,"comment_status":"closed","ping_status":"closed","template":"","meta":{"_acf_changed":false,"footnotes":""},"class_list":["post-29","page","type-page","status-publish","hentry"],"acf":[],"yoast_head":"<!-- This site is optimized with the Yoast SEO plugin v27.2 - https:\/\/yoast.com\/product\/yoast-seo-wordpress\/ -->\n<title>Plan d&#039;acc\u00e8s - Poirier<\/title>\n<meta name=\"robots\" content=\"index, follow, max-snippet:-1, max-image-preview:large, max-video-preview:-1\" \/>\n<link rel=\"canonical\" href=\"https:\/\/www.poirier-recycleur-automobile.com\/pieces-detachees\/plan-dacces\/\" \/>\n<meta property=\"og:locale\" content=\"fr_FR\" \/>\n<meta property=\"og:type\" content=\"article\" \/>\n<meta property=\"og:title\" content=\"Plan d&#039;acc\u00e8s - Poirier\" \/>\n<meta property=\"og:description\" content=\"S.A.S. POIRIERZ.I. des Perrouins250, rue de Londres53100 MayenneT\u00e9l. : 02 43 04 51 15Fax : 02 43 04 16 47\" \/>\n<meta property=\"og:url\" content=\"https:\/\/www.poirier-recycleur-automobile.com\/pieces-detachees\/plan-dacces\/\" \/>\n<meta property=\"og:site_name\" content=\"Poirier\" \/>\n<meta property=\"article:modified_time\" content=\"2024-03-14T16:49:34+00:00\" \/>\n<meta name=\"twitter:card\" content=\"summary_large_image\" \/>\n<meta name=\"twitter:label1\" content=\"Dur\u00e9e de lecture estim\u00e9e\" \/>\n\t<meta name=\"twitter:data1\" content=\"1 minute\" \/>\n<script type=\"application\/ld+json\" class=\"yoast-schema-graph\">{\"@context\":\"https:\/\/schema.org\",\"@graph\":[{\"@type\":\"WebPage\",\"@id\":\"https:\/\/www.poirier-recycleur-automobile.com\/pieces-detachees\/plan-dacces\/\",\"url\":\"https:\/\/www.poirier-recycleur-automobile.com\/pieces-detachees\/plan-dacces\/\",\"name\":\"Plan d'acc\u00e8s - Poirier\",\"isPartOf\":{\"@id\":\"https:\/\/www.poirier-recycleur-automobile.com\/pieces-detachees\/#website\"},\"datePublished\":\"2016-01-20T11:04:45+00:00\",\"dateModified\":\"2024-03-14T16:49:34+00:00\",\"breadcrumb\":{\"@id\":\"https:\/\/www.poirier-recycleur-automobile.com\/pieces-detachees\/plan-dacces\/#breadcrumb\"},\"inLanguage\":\"fr-FR\",\"potentialAction\":[{\"@type\":\"ReadAction\",\"target\":[\"https:\/\/www.poirier-recycleur-automobile.com\/pieces-detachees\/plan-dacces\/\"]}]},{\"@type\":\"BreadcrumbList\",\"@id\":\"https:\/\/www.poirier-recycleur-automobile.com\/pieces-detachees\/plan-dacces\/#breadcrumb\",\"itemListElement\":[{\"@type\":\"ListItem\",\"position\":1,\"name\":\"Accueil\",\"item\":\"https:\/\/www.poirier-recycleur-automobile.com\/pieces-detachees\/\"},{\"@type\":\"ListItem\",\"position\":2,\"name\":\"Plan d&rsquo;acc\u00e8s\"}]},{\"@type\":\"WebSite\",\"@id\":\"https:\/\/www.poirier-recycleur-automobile.com\/pieces-detachees\/#website\",\"url\":\"https:\/\/www.poirier-recycleur-automobile.com\/pieces-detachees\/\",\"name\":\"Poirier\",\"description\":\"D\u00e9constructeur \/ Recycleur Automobile - Vente de pi\u00e8ces d\u00e9tach\u00e9es\",\"potentialAction\":[{\"@type\":\"SearchAction\",\"target\":{\"@type\":\"EntryPoint\",\"urlTemplate\":\"https:\/\/www.poirier-recycleur-automobile.com\/pieces-detachees\/?s={search_term_string}\"},\"query-input\":{\"@type\":\"PropertyValueSpecification\",\"valueRequired\":true,\"valueName\":\"search_term_string\"}}],\"inLanguage\":\"fr-FR\"}]}<\/script>\n<!-- \/ Yoast SEO plugin. -->","yoast_head_json":{"title":"Plan d'acc\u00e8s - Poirier","robots":{"index":"index","follow":"follow","max-snippet":"max-snippet:-1","max-image-preview":"max-image-preview:large","max-video-preview":"max-video-preview:-1"},"canonical":"https:\/\/www.poirier-recycleur-automobile.com\/pieces-detachees\/plan-dacces\/","og_locale":"fr_FR","og_type":"article","og_title":"Plan d'acc\u00e8s - Poirier","og_description":"S.A.S. POIRIERZ.I. des Perrouins250, rue de Londres53100 MayenneT\u00e9l. : 02 43 04 51 15Fax : 02 43 04 16 47","og_url":"https:\/\/www.poirier-recycleur-automobile.com\/pieces-detachees\/plan-dacces\/","og_site_name":"Poirier","article_modified_time":"2024-03-14T16:49:34+00:00","twitter_card":"summary_large_image","twitter_misc":{"Dur\u00e9e de lecture estim\u00e9e":"1 minute"},"schema":{"@context":"https:\/\/schema.org","@graph":[{"@type":"WebPage","@id":"https:\/\/www.poirier-recycleur-automobile.com\/pieces-detachees\/plan-dacces\/","url":"https:\/\/www.poirier-recycleur-automobile.com\/pieces-detachees\/plan-dacces\/","name":"Plan d'acc\u00e8s - Poirier","isPartOf":{"@id":"https:\/\/www.poirier-recycleur-automobile.com\/pieces-detachees\/#website"},"datePublished":"2016-01-20T11:04:45+00:00","dateModified":"2024-03-14T16:49:34+00:00","breadcrumb":{"@id":"https:\/\/www.poirier-recycleur-automobile.com\/pieces-detachees\/plan-dacces\/#breadcrumb"},"inLanguage":"fr-FR","potentialAction":[{"@type":"ReadAction","target":["https:\/\/www.poirier-recycleur-automobile.com\/pieces-detachees\/plan-dacces\/"]}]},{"@type":"BreadcrumbList","@id":"https:\/\/www.poirier-recycleur-automobile.com\/pieces-detachees\/plan-dacces\/#breadcrumb","itemListElement":[{"@type":"ListItem","position":1,"name":"Accueil","item":"https:\/\/www.poirier-recycleur-automobile.com\/pieces-detachees\/"},{"@type":"ListItem","position":2,"name":"Plan d&rsquo;acc\u00e8s"}]},{"@type":"WebSite","@id":"https:\/\/www.poirier-recycleur-automobile.com\/pieces-detachees\/#website","url":"https:\/\/www.poirier-recycleur-automobile.com\/pieces-detachees\/","name":"Poirier","description":"D\u00e9constructeur \/ Recycleur Automobile - Vente de pi\u00e8ces d\u00e9tach\u00e9es","potentialAction":[{"@type":"SearchAction","target":{"@type":"EntryPoint","urlTemplate":"https:\/\/www.poirier-recycleur-automobile.com\/pieces-detachees\/?s={search_term_string}"},"query-input":{"@type":"PropertyValueSpecification","valueRequired":true,"valueName":"search_term_string"}}],"inLanguage":"fr-FR"}]}},"_links":{"self":[{"href":"https:\/\/www.poirier-recycleur-automobile.com\/pieces-detachees\/wp-json\/wp\/v2\/pages\/29","targetHints":{"allow":["GET"]}}],"collection":[{"href":"https:\/\/www.poirier-recycleur-automobile.com\/pieces-detachees\/wp-json\/wp\/v2\/pages"}],"about":[{"href":"https:\/\/www.poirier-recycleur-automobile.com\/pieces-detachees\/wp-json\/wp\/v2\/types\/page"}],"author":[{"embeddable":true,"href":"https:\/\/www.poirier-recycleur-automobile.com\/pieces-detachees\/wp-json\/wp\/v2\/users\/1"}],"replies":[{"embeddable":true,"href":"https:\/\/www.poirier-recycleur-automobile.com\/pieces-detachees\/wp-json\/wp\/v2\/comments?post=29"}],"version-history":[{"count":14,"href":"https:\/\/www.poirier-recycleur-automobile.com\/pieces-detachees\/wp-json\/wp\/v2\/pages\/29\/revisions"}],"predecessor-version":[{"id":411,"href":"https:\/\/www.poirier-recycleur-automobile.com\/pieces-detachees\/wp-json\/wp\/v2\/pages\/29\/revisions\/411"}],"wp:attachment":[{"href":"https:\/\/www.poirier-recycleur-automobile.com\/pieces-detachees\/wp-json\/wp\/v2\/media?parent=29"}],"curies":[{"name":"wp","href":"https:\/\/api.w.org\/{rel}","templated":true}]}}