{"id":37,"date":"2016-01-20T15:48:02","date_gmt":"2016-01-20T14:48:02","guid":{"rendered":"http:\/\/www.poirier-recycleur-automobile.com\/pieces-detachees\/?page_id=37"},"modified":"2024-08-19T15:34:14","modified_gmt":"2024-08-19T14:34:14","slug":"contact","status":"publish","type":"page","link":"https:\/\/www.poirier-recycleur-automobile.com\/pieces-detachees\/contact\/","title":{"rendered":"Contact"},"content":{"rendered":"<div id=\"pl-37\"  class=\"panel-layout\" ><div id=\"pg-37-0\"  class=\"panel-grid panel-has-style\" ><div class=\"formulaireContact siteorigin-panels-stretch panel-row-style panel-row-style-for-37-0\" data-stretch-type=\"full\" ><div id=\"pgc-37-0-0\"  class=\"panel-grid-cell\" ><div id=\"panel-37-0-0-0\" class=\"so-panel widget widget_sow-editor panel-first-child panel-last-child\" data-index=\"0\" ><div class=\"panel-widget-style panel-widget-style-for-37-0-0-0\" ><div\n\t\t\t\n\t\t\tclass=\"so-widget-sow-editor so-widget-sow-editor-base\"\n\t\t\t\n\t\t>\n<div class=\"siteorigin-widget-tinymce textwidget\">\n\t<p style=\"font-size: 24px; margin-bottom: 0px;\"><span style=\"color: #000000;\"><strong>Contact<\/strong><\/span><\/p>\n<hr \/>\n<p><strong>\n<div class=\"wpcf7 no-js\" id=\"wpcf7-f58-o1\" lang=\"fr-FR\" dir=\"ltr\" data-wpcf7-id=\"58\">\n<div class=\"screen-reader-response\"><p role=\"status\" aria-live=\"polite\" aria-atomic=\"true\"><\/p> <ul><\/ul><\/div>\n<form action=\"\/pieces-detachees\/wp-json\/wp\/v2\/pages\/37#wpcf7-f58-o1\" method=\"post\" class=\"wpcf7-form init\" aria-label=\"Formulaire de contact\" novalidate=\"novalidate\" data-status=\"init\">\n<fieldset class=\"hidden-fields-container\"><input type=\"hidden\" name=\"_wpcf7\" value=\"58\" \/><input type=\"hidden\" name=\"_wpcf7_version\" value=\"6.1.5\" \/><input type=\"hidden\" name=\"_wpcf7_locale\" value=\"fr_FR\" \/><input type=\"hidden\" name=\"_wpcf7_unit_tag\" value=\"wpcf7-f58-o1\" \/><input type=\"hidden\" name=\"_wpcf7_container_post\" value=\"0\" \/><input type=\"hidden\" name=\"_wpcf7_posted_data_hash\" value=\"\" \/><input type=\"hidden\" name=\"_wpcf7_recaptcha_response\" value=\"\" \/>\n<\/fieldset>\n<div class=\"colgauche\">\n\t<p><label for=\"last_name\"><strong>Nom* :<\/strong><\/label><br \/>\n<span class=\"wpcf7-form-control-wrap\" data-name=\"last_name\"><input size=\"40\" maxlength=\"400\" class=\"wpcf7-form-control wpcf7-text wpcf7-validates-as-required\" id=\"last_name\" aria-required=\"true\" aria-invalid=\"false\" value=\"\" type=\"text\" name=\"last_name\" \/><\/span>\n\t<\/p>\n\t<p><label for=\"entreprise\"><strong>Entreprise* :<\/strong><\/label><br \/>\n<span class=\"wpcf7-form-control-wrap\" data-name=\"entreprise\"><input size=\"40\" maxlength=\"400\" class=\"wpcf7-form-control wpcf7-text wpcf7-validates-as-required\" id=\"entreprise\" aria-required=\"true\" aria-invalid=\"false\" value=\"\" type=\"text\" name=\"entreprise\" \/><\/span>\n\t<\/p>\n\t<p><label for=\"email\"><strong>E-mail* :<\/strong><\/label><br \/>\n<span class=\"wpcf7-form-control-wrap\" data-name=\"email\"><input size=\"40\" maxlength=\"400\" class=\"wpcf7-form-control wpcf7-email wpcf7-validates-as-required wpcf7-text wpcf7-validates-as-email\" id=\"email\" aria-required=\"true\" aria-invalid=\"false\" value=\"\" type=\"email\" name=\"email\" \/><\/span>\n\t<\/p>\n\t<p><label for=\"phone\"><strong>T\u00e9l\u00e9phone* :<\/strong><\/label><br \/>\n<span class=\"wpcf7-form-control-wrap\" data-name=\"phone\"><input size=\"40\" maxlength=\"400\" class=\"wpcf7-form-control wpcf7-text wpcf7-validates-as-required\" id=\"phone\" aria-required=\"true\" aria-invalid=\"false\" value=\"\" type=\"text\" name=\"phone\" \/><\/span>\n\t<\/p>\n\t<p><label for=\"fax\">Fax :<\/label><br \/>\n<span class=\"wpcf7-form-control-wrap\" data-name=\"fax\"><input size=\"40\" maxlength=\"400\" class=\"wpcf7-form-control wpcf7-text\" id=\"fax\" aria-invalid=\"false\" value=\"\" type=\"text\" name=\"fax\" \/><\/span>\n\t<\/p>\n<\/div>\n<div class=\"coldroite\">\n\t<p><label for=\"first_name\"><strong>Pr\u00e9nom* :<\/strong><\/label><br \/>\n<span class=\"wpcf7-form-control-wrap\" data-name=\"first_name\"><input size=\"40\" maxlength=\"400\" class=\"wpcf7-form-control wpcf7-text wpcf7-validates-as-required\" id=\"first_name\" aria-required=\"true\" aria-invalid=\"false\" value=\"\" type=\"text\" name=\"first_name\" \/><\/span>\n\t<\/p>\n\t<p id=\"lbAddress\"><br \/>\n<label for=\"address\">Adresse :<\/label><br \/>\n<span class=\"wpcf7-form-control-wrap\" data-name=\"address\"><input size=\"40\" maxlength=\"400\" class=\"wpcf7-form-control wpcf7-text\" id=\"address\" aria-invalid=\"false\" value=\"\" type=\"text\" name=\"address\" \/><\/span>\n\t<\/p>\n\t<p><label for=\"city\">Ville :<\/label><br \/>\n<span class=\"wpcf7-form-control-wrap\" data-name=\"city\"><input size=\"40\" maxlength=\"400\" class=\"wpcf7-form-control wpcf7-text\" id=\"city\" aria-invalid=\"false\" value=\"\" type=\"text\" name=\"city\" \/><\/span>\n\t<\/p>\n\t<p><label for=\"postal_code\">Code postal :<\/label><br \/>\n<span class=\"wpcf7-form-control-wrap\" data-name=\"postal_code\"><input size=\"40\" maxlength=\"400\" class=\"wpcf7-form-control wpcf7-text\" id=\"postal_code\" aria-invalid=\"false\" value=\"\" type=\"text\" name=\"postal_code\" \/><\/span>\n\t<\/p>\n<\/div>\n<div class=\"colclear\">\n<\/div>\n<p><label for=\"your-subject\">Sujet :<\/label><br \/>\n<span class=\"wpcf7-form-control-wrap\" data-name=\"your-subject\"><input size=\"40\" maxlength=\"400\" class=\"wpcf7-form-control wpcf7-text\" aria-invalid=\"false\" value=\"\" type=\"text\" name=\"your-subject\" \/><\/span>\n<\/p>\n<p><label for=\"message\">Votre message* :<\/label><br \/>\n<span class=\"wpcf7-form-control-wrap\" data-name=\"message\"><textarea cols=\"40\" rows=\"10\" maxlength=\"2000\" class=\"wpcf7-form-control wpcf7-textarea wpcf7-validates-as-required message\" aria-required=\"true\" aria-invalid=\"false\" name=\"message\"><\/textarea><\/span>\n<\/p>\n<p><input class=\"wpcf7-form-control wpcf7-submit has-spinner\" type=\"submit\" value=\"Envoyer\" \/>\n<\/p><div class=\"wpcf7-response-output\" aria-hidden=\"true\"><\/div>\n<\/form>\n<\/div>\n<\/strong><\/p>\n<\/div>\n<\/div><\/div><\/div><\/div><div id=\"pgc-37-0-1\"  class=\"panel-grid-cell\" ><div id=\"panel-37-0-1-0\" class=\"so-panel widget widget_sow-editor panel-first-child panel-last-child\" data-index=\"1\" ><div class=\"contactComplementAdresse panel-widget-style panel-widget-style-for-37-0-1-0\" ><div\n\t\t\t\n\t\t\tclass=\"so-widget-sow-editor so-widget-sow-editor-base\"\n\t\t\t\n\t\t>\n<div class=\"siteorigin-widget-tinymce textwidget\">\n\t<h3 style=\"text-align: right;\">S.A.S. POIRIER<\/h3>\n<p style=\"text-align: right;\">Z.I. des Perrouins<br \/>\n250, rue de Londres<br \/>\n53100 Mayenne<\/p>\n<p style=\"text-align: right;\"><strong>T\u00e9l. : 02 43 04 51 15<\/strong><br \/>\nFax : 02 43 04 16 47<\/p>\n<\/div>\n<\/div><\/div><\/div><\/div><\/div><\/div><\/div>","protected":false},"excerpt":{"rendered":"<p>Contact S.A.S. POIRIER Z.I. des Perrouins 250, rue de Londres 53100 Mayenne T\u00e9l. : 02 43 04 51 15 Fax : 02 43 04 16 47<\/p>\n","protected":false},"author":1,"featured_media":0,"parent":0,"menu_order":0,"comment_status":"closed","ping_status":"closed","template":"","meta":{"_acf_changed":false,"footnotes":""},"class_list":["post-37","page","type-page","status-publish","hentry"],"acf":[],"yoast_head":"<!-- This site is optimized with the Yoast SEO plugin v27.2 - https:\/\/yoast.com\/product\/yoast-seo-wordpress\/ -->\n<title>Contact - Poirier<\/title>\n<meta name=\"description\" content=\"Contact\" \/>\n<meta name=\"robots\" content=\"index, follow, max-snippet:-1, max-image-preview:large, max-video-preview:-1\" \/>\n<link rel=\"canonical\" href=\"https:\/\/www.poirier-recycleur-automobile.com\/pieces-detachees\/contact\/\" \/>\n<meta property=\"og:locale\" content=\"fr_FR\" \/>\n<meta property=\"og:type\" content=\"article\" \/>\n<meta property=\"og:title\" content=\"Contact - Poirier\" \/>\n<meta property=\"og:description\" content=\"Contact\" \/>\n<meta property=\"og:url\" content=\"https:\/\/www.poirier-recycleur-automobile.com\/pieces-detachees\/contact\/\" \/>\n<meta property=\"og:site_name\" content=\"Poirier\" \/>\n<meta property=\"article:modified_time\" content=\"2024-08-19T14:34:14+00:00\" \/>\n<meta name=\"twitter:card\" content=\"summary_large_image\" \/>\n<meta name=\"twitter:label1\" content=\"Dur\u00e9e de lecture estim\u00e9e\" \/>\n\t<meta name=\"twitter:data1\" content=\"1 minute\" \/>\n<script type=\"application\/ld+json\" class=\"yoast-schema-graph\">{\"@context\":\"https:\/\/schema.org\",\"@graph\":[{\"@type\":\"WebPage\",\"@id\":\"https:\/\/www.poirier-recycleur-automobile.com\/pieces-detachees\/contact\/\",\"url\":\"https:\/\/www.poirier-recycleur-automobile.com\/pieces-detachees\/contact\/\",\"name\":\"Contact - Poirier\",\"isPartOf\":{\"@id\":\"https:\/\/www.poirier-recycleur-automobile.com\/pieces-detachees\/#website\"},\"datePublished\":\"2016-01-20T14:48:02+00:00\",\"dateModified\":\"2024-08-19T14:34:14+00:00\",\"description\":\"Contact\",\"breadcrumb\":{\"@id\":\"https:\/\/www.poirier-recycleur-automobile.com\/pieces-detachees\/contact\/#breadcrumb\"},\"inLanguage\":\"fr-FR\",\"potentialAction\":[{\"@type\":\"ReadAction\",\"target\":[\"https:\/\/www.poirier-recycleur-automobile.com\/pieces-detachees\/contact\/\"]}]},{\"@type\":\"BreadcrumbList\",\"@id\":\"https:\/\/www.poirier-recycleur-automobile.com\/pieces-detachees\/contact\/#breadcrumb\",\"itemListElement\":[{\"@type\":\"ListItem\",\"position\":1,\"name\":\"Accueil\",\"item\":\"https:\/\/www.poirier-recycleur-automobile.com\/pieces-detachees\/\"},{\"@type\":\"ListItem\",\"position\":2,\"name\":\"Contact\"}]},{\"@type\":\"WebSite\",\"@id\":\"https:\/\/www.poirier-recycleur-automobile.com\/pieces-detachees\/#website\",\"url\":\"https:\/\/www.poirier-recycleur-automobile.com\/pieces-detachees\/\",\"name\":\"Poirier\",\"description\":\"D\u00e9constructeur \/ Recycleur Automobile - Vente de pi\u00e8ces d\u00e9tach\u00e9es\",\"potentialAction\":[{\"@type\":\"SearchAction\",\"target\":{\"@type\":\"EntryPoint\",\"urlTemplate\":\"https:\/\/www.poirier-recycleur-automobile.com\/pieces-detachees\/?s={search_term_string}\"},\"query-input\":{\"@type\":\"PropertyValueSpecification\",\"valueRequired\":true,\"valueName\":\"search_term_string\"}}],\"inLanguage\":\"fr-FR\"}]}<\/script>\n<!-- \/ Yoast SEO plugin. -->","yoast_head_json":{"title":"Contact - Poirier","description":"Contact","robots":{"index":"index","follow":"follow","max-snippet":"max-snippet:-1","max-image-preview":"max-image-preview:large","max-video-preview":"max-video-preview:-1"},"canonical":"https:\/\/www.poirier-recycleur-automobile.com\/pieces-detachees\/contact\/","og_locale":"fr_FR","og_type":"article","og_title":"Contact - Poirier","og_description":"Contact","og_url":"https:\/\/www.poirier-recycleur-automobile.com\/pieces-detachees\/contact\/","og_site_name":"Poirier","article_modified_time":"2024-08-19T14:34:14+00:00","twitter_card":"summary_large_image","twitter_misc":{"Dur\u00e9e de lecture estim\u00e9e":"1 minute"},"schema":{"@context":"https:\/\/schema.org","@graph":[{"@type":"WebPage","@id":"https:\/\/www.poirier-recycleur-automobile.com\/pieces-detachees\/contact\/","url":"https:\/\/www.poirier-recycleur-automobile.com\/pieces-detachees\/contact\/","name":"Contact - Poirier","isPartOf":{"@id":"https:\/\/www.poirier-recycleur-automobile.com\/pieces-detachees\/#website"},"datePublished":"2016-01-20T14:48:02+00:00","dateModified":"2024-08-19T14:34:14+00:00","description":"Contact","breadcrumb":{"@id":"https:\/\/www.poirier-recycleur-automobile.com\/pieces-detachees\/contact\/#breadcrumb"},"inLanguage":"fr-FR","potentialAction":[{"@type":"ReadAction","target":["https:\/\/www.poirier-recycleur-automobile.com\/pieces-detachees\/contact\/"]}]},{"@type":"BreadcrumbList","@id":"https:\/\/www.poirier-recycleur-automobile.com\/pieces-detachees\/contact\/#breadcrumb","itemListElement":[{"@type":"ListItem","position":1,"name":"Accueil","item":"https:\/\/www.poirier-recycleur-automobile.com\/pieces-detachees\/"},{"@type":"ListItem","position":2,"name":"Contact"}]},{"@type":"WebSite","@id":"https:\/\/www.poirier-recycleur-automobile.com\/pieces-detachees\/#website","url":"https:\/\/www.poirier-recycleur-automobile.com\/pieces-detachees\/","name":"Poirier","description":"D\u00e9constructeur \/ Recycleur Automobile - Vente de pi\u00e8ces d\u00e9tach\u00e9es","potentialAction":[{"@type":"SearchAction","target":{"@type":"EntryPoint","urlTemplate":"https:\/\/www.poirier-recycleur-automobile.com\/pieces-detachees\/?s={search_term_string}"},"query-input":{"@type":"PropertyValueSpecification","valueRequired":true,"valueName":"search_term_string"}}],"inLanguage":"fr-FR"}]}},"_links":{"self":[{"href":"https:\/\/www.poirier-recycleur-automobile.com\/pieces-detachees\/wp-json\/wp\/v2\/pages\/37","targetHints":{"allow":["GET"]}}],"collection":[{"href":"https:\/\/www.poirier-recycleur-automobile.com\/pieces-detachees\/wp-json\/wp\/v2\/pages"}],"about":[{"href":"https:\/\/www.poirier-recycleur-automobile.com\/pieces-detachees\/wp-json\/wp\/v2\/types\/page"}],"author":[{"embeddable":true,"href":"https:\/\/www.poirier-recycleur-automobile.com\/pieces-detachees\/wp-json\/wp\/v2\/users\/1"}],"replies":[{"embeddable":true,"href":"https:\/\/www.poirier-recycleur-automobile.com\/pieces-detachees\/wp-json\/wp\/v2\/comments?post=37"}],"version-history":[{"count":38,"href":"https:\/\/www.poirier-recycleur-automobile.com\/pieces-detachees\/wp-json\/wp\/v2\/pages\/37\/revisions"}],"predecessor-version":[{"id":417,"href":"https:\/\/www.poirier-recycleur-automobile.com\/pieces-detachees\/wp-json\/wp\/v2\/pages\/37\/revisions\/417"}],"wp:attachment":[{"href":"https:\/\/www.poirier-recycleur-automobile.com\/pieces-detachees\/wp-json\/wp\/v2\/media?parent=37"}],"curies":[{"name":"wp","href":"https:\/\/api.w.org\/{rel}","templated":true}]}}